 0 + -9 + -3 + 2.
-4
What is the value of 7 - (6 + 0) - 1?
0
What is the value of 23 - 8 - 8 - (3 - 2)?
6
Calculate (-2 - -1 - -4) + -2.
1
-1 + -1 + (-67 - -78)
9
What is the value of (10 - 4) + (-3 - 0) - 6?
-3
Evaluate -4 - (-3 + -1 - 5).
5
Evaluate -1 + (-3 - -5 - 2 - -1).
0
Evaluate 7 + -11 + 2 + 3.
1
Calculate (7 - (6 + -5)) + -6.
0
Evaluate -3 + -12 + 7 + -2 + 14.
4
4 + -19 - (-3 - 4)
-8
Evaluate 12 + -6 - (1 - (-3 + 2)).
4
Evaluate -1 - (-14 - -11) - (0 + 1).
1
-1 + 1 + 0 + 1
1
Evaluate -4 + 2 + (10 - 4).
4
What is 0 + (0 + 0 - 0) - 1?
-1
What is the value of 0 + -1 - (2 - 6)?
3
Evaluate (-5 - (-2 - 2 - -2)) + -2.
-5
(-1 - -1) + (-64 - -67)
3
Evaluate 2 + -6 + 3 - (-3 + -1).
3
What is the value of 5 + -8 - 1 - (-3 + 1)?
-2
Evaluate 6 - (4 - 1) - 8.
-5
Evaluate (6 - 16) + 5 - -9.
4
Calculate -1 + (-3 - 1) + 3.
-2
Evaluate (3 - (-11 + 4 + 3)) + 0.
7
(20 - 29) + (3 - 3)
-9
What is 0 + -3 - (116 - 126)?
7
Calculate -18 - (7 + -15) - -3.
-7
Calculate (-3 - -2 - -1) + 4 + -13.
-9
What is the value of -5 + 7 - (3 - (5 + -2))?
2
-8 + 3 + -4 + 5
-4
Calculate (12 - -4) + -12 + (0 - 2).
2
(2 - 4 - -2) + 4
4
What is the value of 7 + (-10 + 3 - -2) - 0?
2
Evaluate (1 - 14) + 4 - 1.
-10
What is the value of -5 + -5 + 9 + -4?
-5
Evaluate 3 - (1 + (2 - -2)).
-2
What is the value of -3 - -3 - 1 - 1?
-2
What is 31 - 14 - 10 - (2 - 0)?
5
3 + -8 + 2 + (-2 - -1)
-4
What is 5 + 2 + (-8 - 0)?
-1
What is the value of 4 + (-2 - -1) - (-99 - -106)?
-4
What is the value of 26 + -22 - (2 - 4 - -2)?
4
What is the value of -6 - -1 - (7 + -15)?
3
8 - (-3 - -3 - -4)
4
2 + (3 - 12) - -2
-5
What is the value of -2 + 3 + -1 + (-1 - -1)?
0
What is -1 - (-3 - -2) - -5?
5
What is the value of 5 + -2 + 28 + -26?
5
What is 2 + 1 - (0 - (-12 + 13))?
4
What is the value of -2 - -3 - (1 + 0 + 1)?
-1
What is 3 + 0 + -2 + (-2 - 0)?
-1
Evaluate 4 - ((-5 - (-6 + 2)) + 3).
2
3 + 6 + (-19 + 8 - -3)
1
Evaluate -2 - (-1 + 7 + -3).
-5
(-1 - -7 - 0) + -3 + -3
0
What is (8 + -5 - 5) + 1?
-1
Evaluate -1 + -1 - (4 + -6).
0
Evaluate 8 + (-2 + 0 - 1).
5
What is -1 + -6 - (-14 + 11)?
-4
2 - 13 - (-7 + 0)
-4
What is -8 + 12 - (6 + -1)?
-1
Calculate (1 - 10) + (-129 - -139).
1
Calculate 3 + -4 + 1 - 2.
-2
What is -3 + 4 + 8 + -11?
-2
Evaluate (-67 - -70) + 6 + -1.
8
What is (68 - 75) + (7 - 0)?
0
Evaluate 29 + -26 - (1 - 0 - 1).
3
What is 1 + -2 - -7 - (-26 + 29)?
3
What is the value of 1 - -5 - (-1 + 2)?
5
-2 + 2 + -2 + 4
2
(-7 - (-10 - 3)) + -3
3
Calculate 0 - 0 - (6 + -4 - 4).
2
Evaluate 7 + (-7 - (4 - 12)) + -6.
2
Calculate -91 - -96 - (14 + -1).
-8
-4 - (-7 + -1) - (2 + 0)
2
What is the value of 8 - (-2 - -7) - 10?
-7
Calculate (-1 - -1) + -2 - -6.
4
What is -3 - (0 + -8 + 3) - -2?
4
(-10 - (-8 - 1)) + 0
-1
What is 0 + -4 + (-52 - -58)?
2
What is the value of -90 + 81 + (1 - -2)?
-6
-8 - (-8 - 5) - 1
4
What is the value of 1 + 1 - (5 + 2 - 8)?
3
What is 1 - -2 - (2 + 7)?
-6
2 - (2 + (4 - (4 + -4)))
-4
Evaluate -3 - -4 - 3 - -7.
5
Calculate 2 + 0 - (10 - (7 - 0)).
-1
Calculate 10 + -6 + 3 + -2.
5
What is the value of (2 - 2) + (2 - 1) + 2?
3
Calculate -1 - -1 - (15 - 30 - -18).
-3
1 - -3 - (1 + 7) - 0
-4
Calculate -3 + 8 + -11 + 1.
-5
Calculate (4 - (-4 - -2)) + (-7 - 3).
-4
-4 + (1 + 8 + -10 - -7)
2
Calculate (-7 + 0 - -24) + -8.
9
Calculate 0 + (-5 - (-6 - -5)) - -5.
1
Evaluate 21 + -27 + 1 + 2.
-3
8 - (7 + 5 - 0)
-4
(-1 - 0) + (-1 - -5 - 1)
2
(7 - (-4 - -9)) + 3
5
What is (-3 + -6 - -5) + (-1 - -1)?
-4
Evaluate -18 + 2 - -4 - -5.
-7
Evaluate 6 + 3 + -15 - (-5 - -2).
-3
What is 3 - 14 - (1 - 5)?
-7
What is 5 + -13 - (-5 + -2)?
-1
-120 + 126 + (3 - (-1 - -1))
9
Evaluate 2 + -1 + 8 - 1.
8
Evaluate -3 - -1 - (-9 - -5).
2
What is -3 + (0 - 3) + 2 + -1?
-5
Evaluate 3 + -11 - (-36 + 27).
1
Calculate (-4 - -15) + -7 + -9.
-5
What is the value of (2 - (-3 - -7)) + (9 - 9)?
-2
What is 6 + (-1 - (3 - 1))?
3
What is the value of (2 - 4) + (5 - (-1 - -7))?
-3
Evaluate -9 - -9 - (0 + -1 - -2).
-1
What is (5 - -1) + (24 - 34)?
-4
Calculate -5 - (2 - (5 - -3)).
1
Evaluate -12 - (-3 + 0 + 3 + -6).
-6
Evaluate 2 - 1 - 5 - -3.
-1
What is (-1 - (-1 - -7)) + 2 + 8?
3
What is the value of (4 - (-1 + 3 + 1)) + 1?
2
(-1 - -1 - -5) + -8 + 7
4
What is the value of 1 - (-6 - (-6 + -1))?
0
What is (13 - 20) + (5 - 0) - 4?
-6
Calculate 4 - (8 - (6 + -12 + 2)).
-8
What is (3 - 4) + (0 + 2 - 6)?
-5
Calculate (-4 - -4) + -18 + 10 + 7.
-1
Calculate -2 + -4 + 1 - 2.
-7
Evaluate 0 - (2 + 3) - -8.
3
What is 7 + -10 - (-1 - -2 - 6)?
2
What is 8 - 10 - 0 - 7?
-9
Evaluate (4 - (6 + -8)) + -4.
2
What is 3 + 7 + -5 + (-4 - 8)?
-7
Calculate -1 + (13 + -15 - (-3 - 1)).
1
4 + -25 + 7 - -7
-7
14 - (-10 + 16) - (9 + -1)
0
Calculate 35 + -9 - 13 - 15.
-2
Evaluate -8 - -5 - (1 + -1).
-3
What is the value of 6 + -16 + 1 - -6 - -7?
4
12 + -14 + 13 - 7
4
(-30 - -34) + -1 + (2 - 0)
5
Calculate -6 + 1 - (13 + -18 + 7).
-7
Evaluate 21 - 24 - (1 + -4).
0
Calculate -9 + 0 + 2 - -6.
-1
What is -6 - -6 - (2 + -4 + 4)?
-2
What is 0 + 4 + 3 + -3?
4
Evaluate -3 + -2 + 8 - -1.
4
Evaluate -1 + 0 + -1 + (-1 - 1).
-4
1 + 2 + -3 - (2 + 0)
-2
Calculate 2 + (5 - (5 - (-2 - -4))).
4
What is the value of 201 + -201 - (-1 + -9)?
10
0 - (4 + -6 - 4)
6
What is the value of -1 + (-3 - -15 - 16)?
-5
What is 3 - (2 + (3 - -2))?
-4
What is the value of 1 + (1 - 4) + -7 + 14?
5
Calculate 12 + -9 + 0 + -6.
-3
What is (2 + -2 - -3) + (-37 - -41)?
7
What is 3 + (2 - 3) - -2?
4
What is the value of (-8 - -18) + -3 - 10?
-3
Evaluate (0 - 3) + (1 - 1).
-3
What is 2 + -1 + -4 - (1 + -2)?
-2
Calculate -1 + -4 + (-22 - -24).
-3
Calculate 7 - (-10 + (8 - -10)).
-1
0 - (3 - (3 - 3))
-3
What is the value of -4 + 0 + 2 + 9 + -3?
4
Evaluate (2 - -1 - (-3 - -5)) + -6.
-5
Calculate -4 - (-11 - -4) - (-4 - -2).
5
Evaluate -1 - 0 - (-7 + -1 + -2).
9
What is the value of -2 + 2 - (2 - (0 - -5))?
3
Calculate (-57 - -59) + (-3 - -2) + 5.
6
Evaluate 1 + -8 + 0 + 2.
-5
Evaluate 11 - (0 - 6 - (18 + -28)).
7
Evaluate -5 + 0 + 1 - (-57 - -54).
-1
-4 + 2 + (5 - -2 - 1)
4
Evaluate -1 + 14 - (4 + -6 - -8).
7
Evaluate (-25 - -25) + -3 + 4.
1
What is the value of 8 - 2 - ((3 - -2) + -2)?
3
3 - ((-5 - -13) + -3)
-2
Evaluate 11 + -20 + 1 + 19.
11
What is 3 + -3 + 2 - (6 - 1)?
-3
Calculate 5 - (-5 + 5 - -4).
1
Evaluate -2 + -1 + 3 + 1 + -6.
-5
What is the value of 6 + -8 - (0 + -4)?
2
What is the value of 7 - 14 - (-5 - -2)?
-4
Evaluate 6 + 1 - (7 + -8).
8
What is the value of -62 + 59 + -2 + 12?
7
What is (7 - -10) + -5 - 2?
10
What is 11 - 2 - (28 - 23)?
4
What is 0 - (9 - (-8 - -7 - -1))?
-9
What is the value of (-5 - -3) + (-3 - 0) - -3?
-2
What is the value of (0 - 3) + (-11 - -11)?
-3
What is -14 + 4 + 12 + 0?
2
-2 + -3 - (2 + -3)
-4
What is 5 - 0 - (21 + -11)?
-5
What is -2 + (4 - 1 - (3 - 0))?
-2
Evaluate (-4 - -2) + 1 + 3.
2
(14 - 0) + (27 + -8 - 28)
5
What is (-2 - -4) + 5 + (4 - 8)?
3
Evaluate (1 - 4) + -2 + (0 - -2).
-3
What is the value of -9 + 2 + -3 + 6 + 6?
2
Calculate 6 + (-5 - (8 - 2)).
-5
What is 5 + -1 + 3 + -5?
2
28 + -32 + (4 - 0)
0
Evaluate 1 - ((-7 + 8 - 1) + -1).
2
What is -4 - -1 - (-117 + 106)?
8
Evaluate 5 - (-6 + (-8 - -26)).
-7
2 + (6 - 2 - 6) - 4
-4
1 + -1 - (-2 + (6 - 9))
5
-6 - (-4 + 2) - (2 + -2)
-4
What is 6 - 13 - (0 + -7)?
0
What is the value of (3 - (-6 - (-2 + -10))) + 0?
-3
4 + (-6 - -2) - (2 - -1)
-3
-4 + (2 - (0 + -4))
2
0 + -3 + 0 + (-2 - -4)
-1
What is the value of (-4 + 0 + 2 - 4) + 3?
-3
Evaluate (-8 + 1 - -7) + (-4 - -2).
-2
4 - (-2 - (-3 - 0))
3
What is the value of (0 - 5) + 7 + -5?
-3
Evaluate 1 + (0 - -1) - (10 + -5).
-3
Evaluate -1 - ((7 - 2) + -4).
-2
What is the value of (4 - (1 + 0)) + -6?
-3
(3 - 8) + 1 - (5 - 4)
-5
0 - -1 - (2 + (-4 - -1))
2
11 + -19 - (-3 + -4 + -1)
0
What is the value of 11 - 5 - (7 - 1)?
0
Calculate -25 - -26 - (5 - 2 - 1).
-1
Calculate (-2 - (1 + -1 + 1)) + 4.
1
(7 - 9) + 0 + 3 + -1
0
-3 - (0 - 0 - (8 - 7))
-2
Evaluate -3 - -7 - (4 - 4 - -2).
2
-10 - -7 - (-4 - 0)
1
What is 4 - ((5 - 1) + 3 + -1)?
-2
What is (1 + 5 - -14) + -7 + -4?
9
What is the value of 1 + 15 + -5 + -13 + 11?
9
What is 8 + (3 + -11 - 0)?
0
2 + -1 + 8 + -5
4
What is the value of 2 - (3 + -3 + (-8 - -4))?
6
What is the value of 10 + -2 + -9 + 4?
3
What is (-9 - ((1 - 3) + -1)) + 2?
-4
(-3 - (-1 - 9)) + -8
-1
Evaluate -2 + (-27 - -20) + 11 + 2.
4
-3 -